e 5) to base 2.
110000100110
Convert -a3 (base 15) to base 9.
-180
645 (base 7) to base 5
2302
-921 (base 11) to base 9
-1465
351 (base 7) to base 8
267
What is -6475 (base 12) in base 2?
-10101100011001
What is 22001 (base 4) in base 2?
1010000001
Convert 4242 (base 7) to base 2.
10111011100
Convert 1000011001100 (base 2) to base 5.
114200
What is -c6c (base 14) in base 2?
-100110010000
What is 12321200 (base 4) in base 6?
334452
19c (base 14) to base 12
23a
Convert -13545 (base 16) to base 10.
-79173
What is -121222 (base 3) in base 2?
-111001010
21111 (base 5) to base 14
726
2 (base 3) to base 9
2
Convert 33025 (base 7) to base 5.
231001
What is -76 (base 13) in base 10?
-97
Convert -1305232 (base 6) to base 2.
-10001010111110100
Convert -2356 (base 7) to base 5.
-11444
10122 (base 4) to base 3
101110
2723 (base 10) to base 6
20335
What is -234 (base 12) in base 6?
-1304
Convert -1b39 (base 12) to base 8.
-6435
What is -45232 (base 9) in base 2?
-111010110000000
What is 554540 (base 6) in base 15?
db53
What is -5ba9 (base 14) in base 12?
-9335
Convert 877 (base 13) to base 12.
a0a
Convert 1111110111011 (base 2) to base 4.
1332323
Convert b4b (base 13) to base 14.
9b4
Convert -81 (base 16) to base 3.
-11210
Convert 89a (base 14) to base 5.
23304
What is 411 (base 12) in base 2?
1001001101
What is 111010110001001 (base 2) in base 14?
ad73
What is 405 (base 10) in base 16?
195
What is -710 (base 8) in base 2?
-111001000
What is 235 (base 12) in base 5?
2304
Convert -102200022 (base 3) to base 13.
-3b4b
Convert -3575 (base 8) to base 7.
-5406
-151340 (base 6) to base 13
-6855
-8d (base 16) to base 12
-b9
Convert -15d (base 14) to base 6.
-1143
Convert 67c6 (base 14) to base 11.
12593
Convert -211112110 (base 3) to base 2.
-100000000101100
Convert 313 (base 16) to base 3.
1002011
What is 23030 (base 4) in base 14?
392
What is 145a (base 12) in base 9?
3227
What is -13221332 (base 4) in base 16?
-7a7e
What is -33c (base 15) in base 6?
-3220
What is -1001110110100 (base 2) in base 3?
-20220211
What is 1793c (base 13) in base 14?
1282c
-215015 (base 6) to base 12
-a46b
d5e7 (base 16) to base 8
152747
104 (base 11) to base 5
1000
6a92 (base 11) to base 6
111013
Convert -34331 (base 8) to base 15.
-44a3
What is -1023 (base 4) in base 8?
-113
Convert 1000010111010111 (base 2) to base 4.
20113113
-196 (base 13) to base 9
-354
c5c (base 13) to base 6
13425
Convert -2030 (base 14) to base 7.
-22060
What is -6b04 (base 12) in base 5?
-340311
-6033 (base 7) to base 3
-2212010
Convert -20010032 (base 4) to base 7.
-165215
What is 177 (base 16) in base 15?
1a0
632 (base 8) to base 13
257
What is 431323 (base 5) in base 15?
44c8
What is 4065 (base 14) in base 9?
16154
Convert -14015 (base 6) to base 8.
-4173
-3c52 (base 13) to base 11
-6587
What is 2411 (base 6) in base 5?
4313
12809 (base 10) to base 14
494d
What is b51 (base 15) in base 4?
213313
What is -1ed (base 15) in base 12?
-314
22013 (base 6) to base 13
14c4
What is -10307 (base 10) in base 11?
-7820
Convert -195b1 (base 13) to base 3.
-2111122210
-4920 (base 10) to base 14
-1b16
Convert 4415 (base 8) to base 10.
2317
132 (base 16) to base 6
1230
What is 6001 (base 9) in base 14?
1847
Convert 20121020 (base 3) to base 13.
2262
-154066 (base 7) to base 13
-109b7
-648 (base 12) to base 10
-920
What is -1012222001 (base 3) in base 16?
-5ddf
-1021233 (base 4) to base 9
-6423
11325 (base 6) to base 11
1259
Convert -4005 (base 7) to base 2.
-10101100001
8b8a (base 14) to base 2
101111010100110
What is 8170 (base 14) in base 7?
121600
What is 12102 (base 6) in base 3?
2102102
-2e1d (base 15) to base 3
-111121201
Convert -5e1 (base 16) to base 9.
-2052
Convert -21d (base 15) to base 11.
-3a5
What is 2222013 (base 4) in base 3?
112221020
28 (base 11) to base 7
42
Convert cbad (base 15) to base 4.
22202002
What is -199a (base 11) in base 3?
-10110200
284 (base 12) to base 8
604
What is -33102333 (base 4) in base 14?
-18b95
What is 324 (base 5) in base 10?
89
What is -2b (base 15) in base 7?
-56
113002 (base 5) to base 3
12122212
What is 15321 (base 7) in base 14?
17b8
Convert 233221 (base 4) to base 2.
101111101001
Convert 481 (base 10) to base 16.
1e1
What is -680 (base 10) in base 7?
-1661
What is 1021212 (base 3) in base 16?
3ad
-1005 (base 6) to base 16
-dd
What is 100001012 (base 3) in base 8?
14701
Convert -2958 (base 14) to base 4.
-1302202
Convert 61d8 (base 16) to base 4.
12013120
Convert -24 (base 7) to base 11.
-17
What is 5552 (base 6) in base 14?
684
11010 (base 5) to base 9
1028
Convert 1202 (base 5) to base 14.
c9
23213 (base 5) to base 11
12a0
What is 221343 (base 5) in base 7?
31342
Convert -7869 (base 11) to base 7.
-42130
Convert -12132 (base 6) to base 11.
-1382
Convert 3130 (base 5) to base 2.
110011111
What is -4ca3 (base 14) in base 16?
-349f
1528 (base 9) to base 6
5212
What is -2853 (base 13) in base 3?
-21222100
-12223 (base 4) to base 6
-1551
What is -13023202 (base 4) in base 12?
-1502a
-11033 (base 4) to base 14
-19d
What is 10200103 (base 4) in base 13?
8524
Convert 18405 (base 12) to base 16.
8945
What is -1540 (base 6) in base 7?
-1140
Convert -1441 (base 6) to base 5.
-3020
-220112 (base 4) to base 2
-101000010110
What is -11362 (base 7) in base 16?
-b77
What is 112 (base 12) in base 10?
158
What is -120 (base 13) in base 7?
-366
Convert -ee42 (base 15) to base 3.
-2120012222
Convert -266 (base 8) to base 12.
-132
-1369 (base 14) to base 15
-1035
-d428 (base 16) to base 10
-54312
What is -7283 (base 11) in base 6?
-112402
Convert 25345 (base 6) to base 16.
ee1
-e62 (base 15) to base 9
-4402
Convert 1a9 (base 16) to base 10.
425
-a120 (base 14) to base 7
-143440
What is 301212 (base 4) in base 6?
22410
Convert 1e2 (base 15) to base 11.
368
Convert -b908 (base 15) to base 12.
-1a7b2
Convert -645 (base 7) to base 9.
-403
Convert -278 (base 11) to base 13.
-1c2
Convert -13516 (base 11) to base 16.
-4b38
Convert 178 (base 10) to base 16.
b2
4593 (base 14) to base 4
2330311
What is 884 (base 11) in base 6?
4524
Convert -30259 (base 11) to base 3.
-2020200010
14912 (base 12) to base 3
1110201112
13524 (base 6) to base 10
2140
What is 1b48 (base 15) in base 8?
13436
What is 110220 (base 4) in base 14?
6a4
-185 (base 12) to base 11
-203
What is -201201121 (base 3) in base 16?
-382c
Convert 104403 (base 5) to base 7.
13604
Convert 2100 (base 6) to base 7.
1236
What is -100012 (base 5) in base 7?
-12063
Convert -12323 (base 5) to base 7.
-2544
111000101 (base 2) to base 7
1215
Convert 1b2d (base 15) to base 13.
28b4
1464 (base 9) to base 12
787
Convert -25a5 (base 14) to base 6.
-50341
Convert 202100012 (base 3) to base 7.
61142
Convert 3acd (base 14) to base 7.
42146
What is -12206 (base 7) in base 15?
-e2b
What is 348 (base 9) in base 10?
287
Convert -42410 (base 5) to base 14.
-107d
6606 (base 10) to base 3
100001200
What is -5571 (base 10) in base 7?
-22146
Convert -14241 (base 8) to base 3.
-22122112
2320201 (base 4) to base 10
11809
What is -56630 (base 9) in base 4?
-21030330
What is 240 (base 9) in base 5?
1243
What is 11100111011100 (base 2) in base 5?
433222
35528 (base 9) to base 3
1012120222
60e (base 16) to base 2
11000001110
1da (base 16) to base 5
3344
Convert 233 (base 4) to base 2.
101111
-10000111001 (base 2) to base 10
-1081
What is 461a (base 13) in base 2?
10011001100001
1553 (base 6) to base 9
526
82b6 (base 13) to base 7
103443
-14131 (base 6) to base 8
-4247
-4c67 (base 13) to base 8
-25225
What is -13230 (base 5) in base 6?
-4533
What is 176 (base 16) in base 4?
11312
Convert -110011010 (base 2) to base 8.
-632
What is 9b33 (base 13) in base 10?
21674
What is -807 (base 11) in base 9?
-1303
Convert 465 (base 8) to base 4.
10311
What is -16929 (base 10) in base 7?
-100233
-151 (base 12) to base 7
-412
-1603 (base 15) to base 5
-122403
What is 645 (base 11) in base 14?
3d5
Convert -3a69 (base 16) to base 4.
-3221221
What is -433333 (base 6) in base 14?
-d06d
What is 9270 (base 11) in base 13?
57a0
-185 (base 15) to base 4
-11132
3324 (base 5) to base 16
1d0
-4e3 (base 15) to base 11
-922
-12120002 (base 3) to base 10
-4052
-612 (base 9) to base 14
-277
What is -181 (base 14) in base 7?
-621
What is -3505 (base 9) in base 11?
-1a51
-1a7b (base 12) to base 9
-44